1.
177
Calculate the remainder when 21468 is divided by 1662.
1524
Calculate the remainder when 54354 is divided by 183.
3
What is the remainder when 7495955 is divided by 843?
842
Calculate the remainder when 745 is divided by 332.
81
Calculate the remainder when 61001 is divided by 53.
51
Calculate the remainder when 1222 is divided by 622.
600
What is the remainder when 16151 is divided by 161?
51
Calculate the remainder when 37342 is divided by 26.
6
Calculate the remainder when 235599 is divided by 660.
639
What is the remainder when 133253 is divided by 13325?
3
Calculate the remainder when 644193 is divided by 6573.
39
What is the remainder when 78999 is divided by 78969?
30
Calculate the remainder when 4781 is divided by 785.
71
Calculate the remainder when 2368077 is divided by 286.
283
Calculate the remainder when 1403805 is divided by 1572.
9
What is the remainder when 17978 is divided by 17944?
34
What is the remainder when 574 is divided by 38?
4
What is the remainder when 1636 is divided by 135?
16
What is the remainder when 218009 is divided by 1744?
9
Calculate the remainder when 16058 is divided by 16058.
0
What is the remainder when 36649 is divided by 431?
14
Calculate the remainder when 53616 is divided by 909.
894
Calculate the remainder when 145543 is divided by 770.
13
Calculate the remainder when 205628 is divided by 504.
500
What is the remainder when 32744 is divided by 66?
8
Calculate the remainder when 528939 is divided by 28.
19
Calculate the remainder when 895815 is divided by 11.
8
What is the remainder when 21318 is divided by 45?
33
What is the remainder when 15438 is divided by 672?
654
Calculate the remainder when 17724 is divided by 62.
54
Calculate the remainder when 103276 is divided by 117.
82
Calculate the remainder when 6097 is divided by 1522.
9
What is the remainder when 1499169 is divided by 271?
268
Calculate the remainder when 35462 is divided by 62.
60
What is the remainder when 806438 is divided by 26?
22
What is the remainder when 8176 is divided by 1018?
32
What is the remainder when 477392 is divided by 36?
32
Calculate the remainder when 23271149 is divided by 433.
430
What is the remainder when 996967 is divided by 532?
531
Calculate the remainder when 11078 is divided by 460.
38
Calculate the remainder when 8341 is divided by 1018.
197
Calculate the remainder when 1111 is divided by 223.
219
What is the remainder when 1990 is divided by 9?
1
What is the remainder when 424 is divided by 163?
98
What is the remainder when 633673 is divided by 74?
11
What is the remainder when 5130 is divided by 385?
125
Calculate the remainder when 59876 is divided by 164.
16
Calculate the remainder when 2033 is divided by 764.
505
Calculate the remainder when 37682 is divided by 223.
218
What is the remainder when 25871 is divided by 223?
3
Calculate the remainder when 16960 is divided by 22.
20
What is the remainder when 10384 is divided by 313?
55
Calculate the remainder when 3577 is divided by 319.
68
What is the remainder when 630742 is divided by 26?
8
What is the remainder when 65882 is divided by 29?
23
Calculate the remainder when 18264 is divided by 73.
14
Calculate the remainder when 150823 is divided by 50254.
61
What is the remainder when 220558 is divided by 48?
46
Calculate the remainder when 13020 is divided by 394.
18
What is the remainder when 45443 is divided by 31?
28
What is the remainder when 95904 is divided by 63?
18
What is the remainder when 112109 is divided by 473?
8
What is the remainder when 8354 is divided by 506?
258
What is the remainder when 17990 is divided by 125?
115
Calculate the remainder when 16314 is divided by 4071.
30
What is the remainder when 124009 is divided by 412?
409
Calculate the remainder when 51332 is divided by 17105.
17
What is the remainder when 237274 is divided by 31?
0
Calculate the remainder when 2452091 is divided by 29.
25
Calculate the remainder when 5462 is divided by 447.
98
What is the remainder when 53242 is divided by 17740?
22
What is the remainder when 124356 is divided by 1615?
1
Calculate the remainder when 35556 is divided by 11822.
90
Calculate the remainder when 213665 is divided by 23.
18
Calculate the remainder when 14624 is divided by 138.
134
Calculate the remainder when 555560 is divided by 7.
5
What is the remainder when 176457 is divided by 9?
3
Calculate the remainder when 34347 is divided by 124.
123
Calculate the remainder when 1660868 is divided by 643.
642
Calculate the remainder when 27791 is divided by 1207.
30
Calculate the remainder when 13498 is divided by 50.
48
What is the remainder when 2036 is divided by 569?
329
Calculate the remainder when 1655 is divided by 795.
65
What is the remainder when 17869 is divided by 518?
257
What is the remainder when 32458 is divided by 10815?
13
What is the remainder when 145366 is divided by 28?
18
Calculate the remainder when 2790115 is divided by 251.
250
Calculate the remainder when 77555 is divided by 93.
86
Calculate the remainder when 16761 is divided by 254.
251
Calculate the remainder when 45965 is divided by 338.
335
Calculate the remainder when 397066 is divided by 326.
324
Calculate the remainder when 85823 is divided by 12.
11
What is the remainder when 44554 is divided by 1782?
4
What is the remainder when 783 is divided by 692?
91
What is the remainder when 1785 is divided by 83?
42
What is the remainder when 32869 is divided by 117?
109
Calculate the remainder when 5615738 is divided by 417.
416
What is the remainder when 251706 is divided by 17979?
0
What is the remainder when 5922 is divided by 192?
162
Calculate the remainder when 55656 is divided by 732.
24
Calculate the remainder when 14716 is divided by 1223.
40
Calculate the remainder when 3838 is divided by 17.
13
Calculate the remainder when 15759 is divided by 1727.
216
What is the remainder when 25258 is divided by 495?
13
Calculate the remainder when 129107 is divided by 8607.
2
What is the remainder when 2055582 is divided by 21?
18
What is the remainder when 715972 is divided by 42?
40
Calculate the remainder when 1110 is divided by 284.
258
Calculate the remainder when 171384 is divided by 134.
132
What is the remainder when 44000 is divided by 228?
224
What is the remainder when 2696 is divided by 419?
182
What is the remainder when 56359 is divided by 8?
7
Calculate the remainder when 20959 is divided by 61.
36
What is the remainder when 24652 is divided by 111?
10
What is the remainder when 50828 is divided by 50824?
4
What is the remainder when 6756 is divided by 505?
191
What is the remainder when 24416 is divided by 940?
916
Calculate the remainder when 79551 is divided by 234.
225
Calculate the remainder when 7021 is divided by 5.
1
Calculate the remainder when 7595 is divided by 2422.
329
What is the remainder when 339679 is divided by 44?
43
Calculate the remainder when 540596 is divided by 24.
20
What is the remainder when 345397 is divided by 186?
181
Calculate the remainder when 1865 is divided by 525.
290
What is the remainder when 10197 is divided by 34?
31
What is the remainder when 13114 is divided by 78?
10
What is the remainder when 615552 is divided by 307774?
4
Calculate the remainder when 163 is divided by 47.
22
Calculate the remainder when 11745 is divided by 531.
63
Calculate the remainder when 874031 is divided by 246.
239
Calculate the remainder when 1356 is divided by 630.
96
Calculate the remainder when 367349 is divided by 71.
66
What is the remainder when 1376 is divided by 1282?
94
Calculate the remainder when 4153 is divided by 993.
181
Calculate the remainder when 1205 is divided by 248.
213
Calculate the remainder when 25945 is divided by 76.
29
Calculate the remainder when 31916 is divided by 102.
92
What is the remainder when 19810 is divided by 1489?
453
Calculate the remainder when 23147 is divided by 1628.
355
What is the remainder when 4256 is divided by 297?
98
What is the remainder when 22061 is divided by 44?
17
Calculate the remainder when 1568 is divided by 53.
31
Calculate the remainder when 1266 is divided by 304.
50
Calculate the remainder when 44441 is divided by 4.
1
Calculate the remainder when 14467 is divided by 254.
243
What is the remainder w